{"id":911,"date":"2025-10-30T11:49:36","date_gmt":"2025-10-30T14:49:36","guid":{"rendered":"https:\/\/isfd153-bue.infd.edu.ar\/sitio\/?page_id=911"},"modified":"2025-11-04T10:19:41","modified_gmt":"2025-11-04T13:19:41","slug":"plan-de-estudios-i","status":"publish","type":"page","link":"https:\/\/isfd153-bue.infd.edu.ar\/sitio\/plan-de-estudios-i\/","title":{"rendered":"Plan de Estudios"},"content":{"rendered":"\n<p class=\"has-text-align-center\"><strong>Profesorado de Educaci\u00f3n<\/strong> <strong>Inicial<\/strong><\/p>\n\n\n\n<p class=\"has-text-align-center\">&nbsp;<strong>(<a href=\"https:\/\/abc.gob.ar\/secretarias\/sites\/default\/files\/2021-05\/Dise%C3%B1o%20Curricular%20Profesorado%20de%20Educaci%C3%B3n%20Inicial%20y%20primaria.pdf\">Resoluci\u00f3n 4154\/07<\/a>)<\/strong><\/p>\n\n\n\n<p><strong>1\u00ba A\u00d1O<\/strong><\/p>\n\n\n\n<p>Taller de Lectura, Escritura y Oralidad<\/p>\n\n\n\n<p>Taller de Pensamiento L\u00f3gico&nbsp;Matem\u00e1tico<\/p>\n\n\n\n<p>Taller de Definici\u00f3n Institucional<\/p>\n\n\n\n<p>Filosof\u00eda<\/p>\n\n\n\n<p>Did\u00e1ctica General<\/p>\n\n\n\n<p>Pedagog\u00eda<\/p>\n\n\n\n<p>An\u00e1lisis del Mundo Contempor\u00e1neo<\/p>\n\n\n\n<p>Psicolog\u00eda del Desarrollo y el Aprendizaje&nbsp;I<\/p>\n\n\n\n<p>Educaci\u00f3n Temprana<\/p>\n\n\n\n<p>Corporeidad y Motricidad<\/p>\n\n\n\n<p>Campo de la&nbsp;Pr\u00e1ctica Docente<\/p>\n\n\n\n<p><strong>2\u00ba A\u00d1O<\/strong><\/p>\n\n\n\n<p>Teor\u00edas Sociopol\u00edticas y Educaci\u00f3n<\/p>\n\n\n\n<p>Did\u00e1ctica y Curriculum de Nivel Inicial<\/p>\n\n\n\n<p>Psicolog\u00eda del Desarrollo y el Aprendizaje&nbsp;II<\/p>\n\n\n\n<p>Psicolog\u00eda Social e Institucional<\/p>\n\n\n\n<p>Cultura, Comunicaci\u00f3n y Educaci\u00f3n<\/p>\n\n\n\n<p>Educaci\u00f3n Pl\u00e1stica<\/p>\n\n\n\n<p>Did\u00e1ctica de Pr\u00e1cticas del Lenguaje y la Literatura I<\/p>\n\n\n\n<p>Did\u00e1ctica de las Ciencias Sociales I<\/p>\n\n\n\n<p>Did\u00e1ctica de las Ciencias Naturales I<\/p>\n\n\n\n<p>Did\u00e1ctica de la Matem\u00e1tica I<\/p>\n\n\n\n<p>Campo de la&nbsp;Pr\u00e1ctica Docente II<\/p>\n\n\n\n<p>TFO: \u00abDanza Tradicional y Contempor\u00e1nea\u00bb<\/p>\n\n\n\n<p><strong>3\u00ba A\u00d1O<\/strong><\/p>\n\n\n\n<p>Historia y Prospectiva de la Educaci\u00f3n<\/p>\n\n\n\n<p>Pol\u00edticas, Legislaci\u00f3n y Admin. del Trabajo Esc.<\/p>\n\n\n\n<p>Juego y Desarrollo Infantil<\/p>\n\n\n\n<p>Medios Audiovisuales, Tics y Educaci\u00f3n<\/p>\n\n\n\n<p>Educaci\u00f3n M\u00fasical<\/p>\n\n\n\n<p>Educaci\u00f3n&nbsp; F\u00edsica Escolar<\/p>\n\n\n\n<p>Taller de Literatura Infantil<\/p>\n\n\n\n<p>Taller de Ciencias Sociales<\/p>\n\n\n\n<p>Taller de Ciencias Naturales<\/p>\n\n\n\n<p>Taller de Matem\u00e1tica<\/p>\n\n\n\n<p>Produc. de Mat. y Objetos L\u00fadicos<\/p>\n\n\n\n<p>T.F.O.\u00bbExpresi\u00f2n Corporal\u00bb<\/p>\n\n\n\n<p>Campo de la&nbsp;Pr\u00e1ctica Docente III<\/p>\n\n\n\n<p><strong>4\u00ba A\u00d1O<\/strong><\/p>\n\n\n\n<p>Reflexi\u00f3n Filos\u00f3fica de la Educaci\u00f3n<\/p>\n\n\n\n<p>Dimensi\u00f3n \u00c9tico &#8211; Pol\u00edtica de la Praxis Docente<\/p>\n\n\n\n<p>Educaci\u00f3n en y para la Salud<\/p>\n\n\n\n<p>Ateneo de Pr\u00e1cticas del Lenguaje y la Literatura<\/p>\n\n\n\n<p>Ateneo de Matem\u00e1tica<\/p>\n\n\n\n<p>Ateneo de Naturaleza y Sociedad<\/p>\n\n\n\n<p>Ateneo de nuevas Expresiones Est\u00e9ticas<\/p>\n\n\n\n<p>Campo de la&nbsp;Pr\u00e1ctica Docente IV<\/p>\n","protected":false},"excerpt":{"rendered":"<p>Profesorado de Educaci\u00f3n Inicial &nbsp;(Resoluci\u00f3n 4154\/07) 1\u00ba A\u00d1O Taller de Lectura, Escritura y Oralidad Taller de Pensamiento L\u00f3gico&nbsp;Matem\u00e1tico Taller de Definici\u00f3n Institucional Filosof\u00eda Did\u00e1ctica General Pedagog\u00eda An\u00e1lisis del Mundo Contempor\u00e1neo Psicolog\u00eda del Desarrollo y el Aprendizaje&nbsp;I Educaci\u00f3n Temprana Corporeidad y Motricidad Campo de la&nbsp;Pr\u00e1ctica Docente 2\u00ba A\u00d1O Teor\u00edas Sociopol\u00edticas y Educaci\u00f3n Did\u00e1ctica y Curriculum de &#8230; <a title=\"Plan de Estudios\" class=\"read-more\" href=\"https:\/\/isfd153-bue.infd.edu.ar\/sitio\/plan-de-estudios-i\/\" aria-label=\"More on Plan de Estudios\">[+]<\/a><\/p>\n","protected":false},"author":63,"featured_media":0,"parent":0,"menu_order":0,"comment_status":"closed","ping_status":"closed","template":"","meta":[],"acf":[],"_links":{"self":[{"href":"https:\/\/isfd153-bue.infd.edu.ar\/sitio\/wp-json\/wp\/v2\/pages\/911"}],"collection":[{"href":"https:\/\/isfd153-bue.infd.edu.ar\/sitio\/wp-json\/wp\/v2\/pages"}],"about":[{"href":"https:\/\/isfd153-bue.infd.edu.ar\/sitio\/wp-json\/wp\/v2\/types\/page"}],"author":[{"embeddable":true,"href":"https:\/\/isfd153-bue.infd.edu.ar\/sitio\/wp-json\/wp\/v2\/users\/63"}],"replies":[{"embeddable":true,"href":"https:\/\/isfd153-bue.infd.edu.ar\/sitio\/wp-json\/wp\/v2\/comments?post=911"}],"version-history":[{"count":5,"href":"https:\/\/isfd153-bue.infd.edu.ar\/sitio\/wp-json\/wp\/v2\/pages\/911\/revisions"}],"predecessor-version":[{"id":974,"href":"https:\/\/isfd153-bue.infd.edu.ar\/sitio\/wp-json\/wp\/v2\/pages\/911\/revisions\/974"}],"wp:attachment":[{"href":"https:\/\/isfd153-bue.infd.edu.ar\/sitio\/wp-json\/wp\/v2\/media?parent=911"}],"curies":[{"name":"wp","href":"https:\/\/api.w.org\/{rel}","templated":true}]}}